. Suppose -n + 2 = 0, s - 5*n = 3*s + 274. What are the prime factors of 4/(16/c) + s/(-8)?
2, 3
Let t(m) = -20*m - 38. Let b be t(-2). Suppose 2*p = b*q - 716, -4*q + 6*q - 722 = -4*p. List the prime factors of q.
359
Suppose 28*s = 31*s - 2466. Let f = 1183 - s. What are the prime factors of f?
19
Suppose 3*a + 7*a - 19200 = 0. Suppose 2*p + a = 10*p. What are the prime factors of p?
2, 3, 5
Suppose 5*n + 40 = 5*g + 2*n, 0 = -g - 4*n - 15. Suppose -21*s - g = -22*s, a - 2*s - 663 = 0. List the prime factors of a.
673
Suppose 0 = -237194*v + 237175*v + 483607. What are the prime factors of v?
25453
Let u be 4/(-30)*3*-10. Let h(a) = 44*a**2 + 14*a - 7. What are the prime factors of h(u)?
3, 251
Let y = -50 - -59. Let o(q) = -2*q + 8*q - 2*q + 14. What are the prime factors of o(y)?
2, 5
Let z(u) be the first derivative of 7*u**5/120 + 23*u**4/24 + 4*u**3/3 - 16. Let f(l) be the third derivative of z(l). What are the prime factors of f(4)?
3, 17
Let d = 60 + -51. Suppose 2 = -d*g + 20. What are the prime factors of (-6)/(207/(-651) - g/(-7))?
2, 3, 31
Suppose 0 = 4*m + 2*o - 94, 0 = 2*m - 4*o + 7*o - 41. Let v be (1 - m/15)*-9. What are the prime factors of -2 - (5 - v)*(-1 + 132)?
3, 43
Let m = -47765 - -103997. What are the prime factors of m/90 - (-4)/(-5)?
2, 3, 13
Suppose -f + 5*j - 13 = 0, -2*f + f = 4*j - 14. Suppose -b + f*b + 61 = -c, 232 = -4*c - b. List the prime factors of (-163 - -1)*38/c.
2, 3
Let q = -7 - -12. Let s = q + -105. Let v = 169 + s. List the prime factors of v.
3, 23
Let q be 2*(-3)/2*-1. Suppose 50 = 2*w - q*w + 3*m, 5*w - m = -292. Let t = 3 - w. What are the prime factors of t?
2, 31
Let i(g) = -2*g**2 - 37*g + 627. Let h be i(0). Let s be 344/2*9/4. Let p = h - s. List the prime factors of p.
2, 3, 5
Let q = 1802 - -5324. List the prime factors of q.
2, 7, 509
Suppose 259871 + 834685 + 2333386 = 133*u. What are the prime factors of u?
2, 7, 263
Suppose -3*w + 5*o = 389, 0 = -5*w - 0*w - 2*o - 669. What are the prime factors of 4/14 + (-26562)/w?
2, 5
Let g = 209 - 208. List the prime factors of (-2)/5 - (g + 11810/(-25)).
3, 157
Suppose -10 = -b + j, 5*b - 7 = j + 27. Suppose 3*z = -4*r + 568, 2 = -4*r - b. List the prime factors of z.
2, 3
Let i(m) = 10*m**2 - 7*m - 420. What are the prime factors of i(-35)?
3, 5, 7, 23
Let t(j) = 22*j**2 - 68*j + 31. What are the prime factors of t(-14)?
3, 5, 353
Let h(z) be the third derivative of z**4/6 + 10*z**3/3 + 3*z**2. Suppose 58 - 2 = 4*c. What are the prime factors of h(c)?
2, 19
Suppose -3*p - 58675 = 76*f - 80*f, 5*p + 5 = 0. List the prime factors of f.
2, 19, 193
Let x(n) = 832*n**3 + 2*n**2 - 201*n + 401. List the prime factors of x(2).
3, 2221
Let l(w) = 869*w**2 + 141*w + 141. List the prime factors of l(-1).
11, 79
Let b = 13 - 0. Let m(j) = -j + 17. Let l be m(b). Suppose -w + l*w - 321 = 0. List the prime factors of w.
107
Let g = 3 - -3. Let m(y) be the second derivative of y**4/12 - 11*y**2/2 - 252*y - 5. What are the prime factors of m(g)?
5
Suppose -3*l = -2*x + 113, x - 45 = 5*l + 29. Let q = -112 + x. What are the prime factors of (q/45)/(2/(-30))?
3, 7
Suppose -k - d + 8 = -3*d, 4*k - 4*d = 16. Suppose -i - 6 - 3 = k. What are the prime factors of 36 + 5/(-15)*i?
3, 13
Suppose 9*y + 10064 = 12*y - 5*q, 0 = -q + 8. List the prime factors of y.
2, 421
Let z(i) = 37*i - 162. Let p(c) = 5*c - 1. Let m(l) = 2*p(l) + z(l). What are the prime factors of m(21)?
823
Let o be 0 + -235 + (12 + -6)/3. Let f = o + 399. List the prime factors of f.
2, 83
Suppose -57 + 53 = -2*m. Let u be 108*m*3/(-12). What are the prime factors of 116/(-8)*(-1)/((-3)/u)?
3, 29
Let f(z) = 5*z - 11. Let r be f(3). Suppose -2*a = -r*u + 3*a - 8, -5*u = -a - 11. Let o(k) = 22*k**2 - 9*k + 1. What are the prime factors of o(u)?
2, 43
Suppose 94*f + 1880067 - 4148320 = 4003615. List the prime factors of f.
2, 73, 457
Suppose 79*q = 4*x + 83*q - 26964, -8 = 2*q. List the prime factors of x.
5, 19, 71
Suppose -5*d - 10 = 0, 0 = 2*n + d + 2240 - 8302. What are the prime factors of n?
2, 379
Let s be (-129)/(-15) + -3*4/(-30). Suppose -s*l = 4 - 76. Suppose -5*k - 5*w = -l*w - 540, 2*w = -4*k + 410. List the prime factors of k.
3, 5, 7
Suppose -3*v = h - 14, 19 = 2*h + 3*v + 3. Suppose 0 = 4*o + h - 118. What are the prime factors of o?
29
Suppose -2*k = -5*m - 0*m - 10048, 4*k + 8016 = -4*m. Let v = -1336 - m. Suppose -6*f + 12*f = v. List the prime factors of f.
2, 7
Let c be (36/(-12))/(1/(-1)). Let l(b) = 3*b**2 + 3*b - 195 + 195 - 2*b**c. What are the prime factors of l(-2)?
2, 11
Let l = 67 + -34. Suppose -d - l = -2*d. What are the prime factors of d?
3, 11
Let y(d) = 4*d + 6*d + 3*d + 12 - 12*d. Let l be y(-10). Suppose 5*b = 25, -2*w + 5*b + 315 = l*w. What are the prime factors of w?
5, 17
Suppose -86*u + 81*u = -3*s + 123127, 5*s + 2*u = 205284. What are the prime factors of s?
2, 13, 1579
Let z = 9 - 17. Let w be 1/1 + z/(-2) + -5. Suppose -15*q + 19*q - 408 = w. What are the prime factors of q?
2, 3, 17
Let l be (4/4 + 0)*-452. Let o = l + 669. List the prime factors of o.
7, 31
Let m = -17 - -21. Let p(l) = 2*l - 4 + 10 - 7*l + 2*l**2. What are the prime factors of p(m)?
2, 3
Let a(l) = 99*l**2 - 654*l - 53. What are the prime factors of a(17)?
2, 5, 109
Let g(l) = 2839*l**2 - 71*l - 46. List the prime factors of g(-4).
2, 17, 79
Suppose 0 = -17*m + 12*m + 70. Suppose -m*z - 1410 = -17*z. List the prime factors of z.
2, 5, 47
List the prime factors of (20230/170)/((-461)/462 - -1).
2, 3, 7, 11, 17
Let u be 4 - ((-1353)/(-1))/((-33)/44). Suppose 5*p + 148 = u. What are the prime factors of p?
2, 83
Suppose 207*i - 138050 = 152*i. List the prime factors of i.
2, 5, 251
Let k(q) = -9*q - 20*q + 157 - 199 - 7*q. List the prime factors of k(-18).
2, 3, 101
Let y(o) = -2*o**2 - 5*o - 16. Suppose -2*c = -c - 3, 0 = 3*z - 3*c + 27. Let m be y(z). Let h = 56 - m. What are the prime factors of h?
2, 3, 19
Suppose -q + 2*z = -3*z - 4579, -13761 = -3*q + 3*z. Suppose -q = -19*v + 6*v. List the prime factors of v.
353
Suppose 14*l = 51819 + 152021. Suppose 11*o = -24*o + l. What are the prime factors of o?
2, 13
Let z be (-7)/(-2)*(-6)/(-7). Suppose -2*q = z*t + 46, 22 = t - 3*t + 3*q. Let b = t - -172. List the prime factors of b.
2, 79
Let l(y) = -41*y + 113. Let q be 272/(-85) + 1 + 8/(-10). What are the prime factors of l(q)?
2, 59
Suppose 36957 = 4*l - 3*u, -17*u + 9242 = l - 15*u. What are the prime factors of l?
2, 3, 5, 7, 11
List the prime factors of 117/(-33) - -3 - 7592922/(-1243).
2, 3, 509
Let b(y) = y**2 + 59*y - 1045. What are the prime factors of b(115)?
5, 3793
Suppose 0 = -21*i + 22*i - 2309. List the prime factors of i/4 + (-159)/(-212).
2, 17
Suppose 0 = 92*n + 774426 - 3764702. What are the prime factors of n?
32503
Suppose -2*v - 2*k + 7981 + 10135 = 0, 45255 = 5*v - 2*k. List the prime factors of v.
11, 823
Let n(z) = 120*z - 59. Let q be n(10). Suppose -q = -2*k - k + 5*g, -3*k = -4*g - 1145. What are the prime factors of k?
3, 43
Let a = 16200 + -6118. What are the prime factors of a?
2, 71
Suppose 0 = 5*n - 10, 13*o + 2*n - 4 = 10*o. Suppose o = -4*a + 19*q - 24*q + 2562, 0 = 4*a + 2*q - 2568. List the prime factors of a.
643
Suppose 34*z - 32*z - 4 = 0. Suppose b - 173 - 143 = 2*u, 3*u - 653 = -z*b. What are the prime factors of b?
2, 7, 23
Let s(r) = 23*r - 23. Let u = 106 + -93. What are the prime factors of s(u)?
2, 3, 23
Suppose 14728 = -47*m + 33*m. Let z = -627 - m. List the prime factors of z.
5, 17
Let d = 2936 - 1709. Suppose 3*w + 9 = 0, -3*v + d = w - 6*w. What are the prime factors of v?
2, 101
Suppose -7*j + 16*j = -1107. Suppose 3*w = -4*h - 712, 2*w - 2*h = 209 - 679. Let v = j - w. List the prime factors of v.
113
List the prime factors of (-1 - 16) + (17090 - -87).
2, 3, 5, 11, 13
Let x be (-951)/(-12)*-1 + (-1)/(-4). Let r = 87 + x. Suppose 180 = 2*l + r*w - 6*w, -4*w + 178 = 2*l. What are the prime factors of l?
7, 13
Let u(f) = 2017*f + 197. List the prime factors of u(26).
52639
Suppose 0 = -4*o + 2 + 6. Let g(l) = 50*l**o - 6*l + 0*l**2 - 9 + 8*l**2. What are the prime factors of g(-2)?
5, 47
Let g(c) = -124 - c + 12*c + 62*c. List the prime factors of g(12).
2, 47
Let u = -19554 - -28110. List the prime factors of u.
2, 3, 23, 31
Supp